Suppose 0 = -5*g - 3*b + 32, 8*g = 7*g + 3*b - 8. Suppose -18*s + 438 = g*t - 23*s, 5*t + 5*s - 525 = 0. What are the prime factors of t?
107
Suppose 7 - 3 = -4*i, -4*q + 4*i = 28. What are the prime factors of -2868*(q/(-3) + -7 + 4)?
2, 239
Suppose -15*w - 2 = -16*w, -38362 = -4*u - w. List the prime factors of u.
2, 5, 7, 137
Suppose -8 = -u - 0*u + 3*h, 4*u - 5 = 3*h. Let l be 2*3/(-2) + 0 + u. Let f(c) = c**3 + 6*c**2 - 4*c + 4. List the prime factors of f(l).
2, 13
Let x(f) = 6*f + 4*f**2 - 17*f - 1 - 16*f**2 + f**3 + 16*f. Let p be x(12). Suppose -p - 193 = -3*i. What are the prime factors of i?
2, 3, 7
Let v be 294 + -6 - 4/2. Let t = v - 169. Suppose 3*l = 4*l - t. List the prime factors of l.
3, 13
Suppose -5*r - 1 = -l, 14*l = -4*r + 9*l + 5. Suppose r*s - 3200 = -3*g - s, 0 = -4*g - 2*s + 4270. List the prime factors of g.
3, 5, 71
Let k(p) = -35*p + 89. Suppose d - 3*s + 10 = 0, s + 4 = -d - 6. List the prime factors of k(d).
439
Let j = 39 - 78. Suppose 5*z = -4*b - 100 + 327, -43 = -b - 4*z. Let u = b + j. What are the prime factors of u?
2, 3
Let o be 62*-2*1 + -1. Suppose -151*k + 17107 = -4335. Let q = k + o. List the prime factors of q.
17
Let q(j) = -j**3 - 16*j**2 - 50*j. Let v be q(-13). Suppose -138*o = -v*o + 5895. What are the prime factors of o?
3, 131
What are the prime factors of ((16/(-7) - -2) + (-6204120)/(-1638))*3?
2, 13, 19, 23
Suppose 0 = -5*a + 2*k + 21780, 3*a = -2*a - 4*k + 21780. What are the prime factors of a?
2, 3, 11
Suppose 93*z - 1605589 - 923453 = 0. List the prime factors of z.
2, 13597
Suppose -111*z + 14478 = -108*z. What are the prime factors of z?
2, 19, 127
Suppose -4*j - 15234 + 91430 = 0. List the prime factors of j.
43, 443
List the prime factors of (12/(-16))/((2/(-12290))/(168/210)).
3, 1229
Let s(i) = -314*i - 206. What are the prime factors of s(-26)?
2, 23, 173
Let n = -206 + -1501. Let g = -1055 - n. What are the prime factors of g?
2, 163
Let g be (-299)/6 + 9/(-54). Let m be 21*(g/(-6) + -5). What are the prime factors of (-7)/(m/(-475))*2?
5, 19
Let r = 243 + -239. Suppose -5*o = r*j - 1760, -3*o = -6*j + 7*j - 433. List the prime factors of j.
5, 89
Let d(u) be the first derivative of u**3 - 3*u**2 + 5*u + 17. Let k be d(7). Suppose 0 = -11*j + k + 275. List the prime factors of j.
5, 7
Let b = -215 - -879. Suppose 3*i = -0*i + 5*n + 522, 4*n - b = -4*i. List the prime factors of i.
13
Let f = -66 - -564. Let s = 741 - f. What are the prime factors of s?
3
Suppose 5*n = 3*h - 222934, -4*h + 391435 = n + 94251. What are the prime factors of h?
2, 3, 7, 29, 61
Let s = 35 + 64. Suppose 0 = 4*k - q + 67 - 957, 2*k - 452 = 4*q. Let h = k - s. List the prime factors of h.
3, 41
Let g(n) be the third derivative of n**4/24 + 19*n**3/6 + 26*n**2. Let u be g(-9). Suppose u*w = -q + 5*w + 183, -5*w = 3*q - 499. List the prime factors of q.
2, 79
Let s be -1 + 2 - -1*(-5 + 6). Let v(k) = -10 - k**3 + 11*k**2 + k**2 - 7*k**s + k. List the prime factors of v(4).
2, 5
Suppose -2*h + 21093 = 4*z - 33715, h - 8 = 0. List the prime factors of z.
2, 3, 761
Let d(t) = 183*t + 189. What are the prime factors of d(17)?
2, 3, 5, 11
What are the prime factors of (-47*(-6 - 2250/27))/(2/3)?
2, 47, 67
Suppose -18*o + 19866 = 25*o. Suppose -46*h - o = -23324. List the prime factors of h.
7, 71
Let y(z) = 21573*z + 7082. List the prime factors of y(3).
19, 3779
What are the prime factors of -9 - (-4107 - (-5 + -1))?
2, 3, 11, 31
Let t be (-39)/2*2/(-9)*105. Suppose 15789 - t = 17*q. List the prime factors of q.
2, 11, 41
Let x = -4710 + 13972. List the prime factors of x.
2, 11, 421
Let p = -422 + 619. Suppose -u + 346 = -p. What are the prime factors of u?
3, 181
Let b = 5926 + -2299. List the prime factors of b.
3, 13, 31
Let q = -66 - -49. Let t = -12 - q. Suppose 2*v + 0*v - 57 = -t*d, d = -4*v - 3. What are the prime factors of d?
13
Suppose o - 5*c - 19826 = 0, 4*o + 2*c - 118131 = -38871. What are the prime factors of o?
2, 2477
Suppose 52*n + 214*n - 8015892 = 11766794. List the prime factors of n.
11, 6761
Let p be 51/3*6/2. Let y = p - 21. Suppose -g = -y - 41. List the prime factors of g.
71
Let p = 919 + 254. Let j = p - 1061. What are the prime factors of j?
2, 7
Let q(r) = -2*r**3 - r**2 + r + 9. Let p be q(9). Let c = 2186 + p. What are the prime factors of c?
5, 7, 19
Let p = 249 + -255. List the prime factors of (-3)/18 - (-17)/p - -548.
5, 109
Suppose -2413 + 383 = -7*b. Let u(v) = -32 + 13 + 12 + b*v. List the prime factors of u(1).
283
Suppose -15 = 5*i + 20. Let k be (-9 - i)/(10/(-8) + 1). Suppose -483 = -11*u + k*u. List the prime factors of u.
7, 23
Suppose 2*u - 3*i - 28426 = 0, -7*u + 3*i + 42636 = -4*u. What are the prime factors of u?
2, 5, 7, 29
Let f(i) = 586*i**3 - 4*i**2 + 4*i - 10. Let n be f(2). Suppose -19*d - 547 = -n. What are the prime factors of d?
7, 31
Suppose -5*h = -5*c - 9 - 6, -2*c = -h + 7. Let n(k) be the second derivative of -7*k**3/2 - 9*k**2/2 - 4*k. List the prime factors of n(c).
3, 5
Suppose 0 = 2*i + 8, -4*p + 124 = -8*p - 5*i. Suppose 2*y = -4*c - 17590, 4*c = -7 + 27. List the prime factors of (y/39)/(-5) + 4/p.
3, 5
List the prime factors of (1*-6)/(192/(-37344)).
3, 389
Let j = -20 - -276. Suppose -j = -3*q - 5*c, 5*c + 2 = 12. Let r = q - 15. What are the prime factors of r?
67
Suppose -6 = -3*o, 74782 = 5*h + 3*o + 2256. What are the prime factors of h?
2, 7, 37
Suppose -21 = z - 68. Suppose 4*v + 2*f - 5*f - 263 = 0, -v + 3*f = -59. Let s = z + v. List the prime factors of s.
5, 23
Let j(v) be the first derivative of 25*v**2/2 + 105*v - 222. List the prime factors of j(11).
2, 5, 19
Suppose 0 = -4*t - 9*s + 127044, -63484 = -14*t + 12*t + 5*s. List the prime factors of t.
2, 3, 7
Let c(v) = 1875*v - 147. Let w be c(36). Suppose 4518 - w = -59*u. List the prime factors of u.
3, 5, 71
Let k(b) = b**2 + 26*b - 59. Let r be k(-26). Let s = r - -61. Suppose 0*a - s*a + 78 = 0. List the prime factors of a.
3, 13
Let a = 248 - 309. Let g = a + 108. List the prime factors of g.
47
Suppose -42*h + 8 = -46*h. Let j(b) = -79*b**3 - b + 1. Let x be j(h). Suppose -x - 295 = -10*y. What are the prime factors of y?
3, 31
Let y(n) = 4*n**2 + 1. Let v be y(1). Suppose -2*c + 11 - 2 = v*d, -5*c + 15 = 5*d. What are the prime factors of (24/c)/(3/26)?
2, 13
Suppose 4*q + 18703 = 5*t, -5*q + 9476 = 5*t - 9209. Suppose -671 = 4*k - t. List the prime factors of k.
13, 59
Let p = 77769 - 49212. List the prime factors of p.
3, 19, 167
Let v(s) = -3*s**2 - 12*s + 31. Let u be v(3). List the prime factors of (5 - u/(-12))*249.
7, 83
Suppose 6 = 2*r - 78. Suppose 0 = 8*g - 5*g - r. List the prime factors of (-464)/(-11) + g/(-77).
2, 3, 7
Suppose 0 = -16*f + 136526 + 188242. What are the prime factors of f?
2, 3, 17, 199
Let z(t) = t**2 + 8*t + 40. Let v be z(-4). Let k = v - -67. What are the prime factors of k?
7, 13
Suppose 5*b - 5*g - 25880 = 0, -4*b - 5*g - 1247 = -21960. What are the prime factors of b?
31, 167
Let u(f) = -91999*f - 1379. Let s(t) = -200*t - 3. Let l(h) = -1379*s(h) + 3*u(h). What are the prime factors of l(-1)?
197
Let o(c) = 837*c + 14. Let n be o(1). Let p = n - -26. List the prime factors of p.
877
What are the prime factors of 3/(-2 + ((-5266574)/157992)/(100/(-6)))?
2, 5, 227
Let l(f) = -6*f**3 - 5*f**2 + 4*f + 18. Let p be l(4). What are the prime factors of (p/(-20))/(2/8) + 2?
2, 11
Let v be -72*(-3 + 7 - 72/16). Suppose 31*r = v*r - 575. List the prime factors of r.
5, 23
Suppose 0 = 2*t - 5*j - 13738, 0 = -t - 0*t + 4*j + 6860. What are the prime factors of t?
2, 1721
Suppose -21*s + 2140600 = 66*s + 23*s. What are the prime factors of s?
2, 5, 7, 139
Suppose -g - 2*g + 7 = 2*q, -2*q + 5*g = -15. Suppose 0*d - 4*h + 12 = -d, -11 = d - q*h. List the prime factors of 72*-10*2/d.
2, 3, 5
Let q(o) = -o**2 + 36*o + 47. Let x be q(37). Let z(a) = a - 6. Let w be z(6). Suppose 5*j - x - 10 = w. List the prime factors of j.
2
Let q(c) = -54*c**3 + 8*c**2 + 8*c - 10. List the prime factors of q(-3).
2, 11, 17
Let k = -17 + 15. Let f(x) = -24*x**2 + 4*x + 2. Let s be f(k). Let c = -36 - s. What are the prime factors of c?
2, 3, 11
Let i(d) = d**3 + 2*d**2 - 5*d - 3. Let v be i(-3). Suppose f + k - 298 = -0*f, -v*f = -3*k - 864. List the prime fa